{"id":152,"date":"2023-07-04T15:06:38","date_gmt":"2023-07-04T12:06:38","guid":{"rendered":"https:\/\/www.yasinyazicioglu.com.tr\/?page_id=152"},"modified":"2023-07-04T16:10:14","modified_gmt":"2023-07-04T13:10:14","slug":"elementor-152","status":"publish","type":"page","link":"https:\/\/www.yasinyazicioglu.com.tr\/","title":{"rendered":"Elementor Ana Sayfa"},"content":{"rendered":"\t\t<div data-elementor-type=\"wp-post\" data-elementor-id=\"152\" class=\"elementor elementor-152\" data-elementor-post-type=\"page\">\n\t\t\t\t\t\t<div class=\"elementor-inner\">\n\t\t\t\t<div class=\"elementor-section-wrap\">\n\t\t\t\t\t\t\t\t\t<section class=\"elementor-section elementor-top-section elementor-element elementor-element-7359057 elementor-section-full_width elementor-section-height-default elementor-section-height-default\" data-id=\"7359057\" data-element_type=\"section\">\n\t\t\t\t\t\t<div class=\"elementor-container elementor-column-gap-extended\">\n\t\t\t\t\t\t\t<div class=\"elementor-row\">\n\t\t\t\t\t<div class=\"elementor-column elementor-col-100 elementor-top-column elementor-element elementor-element-3a2dfec\" data-id=\"3a2dfec\" data-element_type=\"column\">\n\t\t\t<div class=\"elementor-column-wrap elementor-element-populated\">\n\t\t\t\t\t\t\t<div class=\"elementor-widget-wrap\">\n\t\t\t\t\t\t<div class=\"elementor-element elementor-element-695b21a elementor-grid-1 elementor-posts--align-center elementor-grid-tablet-2 elementor-grid-mobile-1 elementor-posts--thumbnail-top elementor-widget elementor-widget-posts\" data-id=\"695b21a\" data-element_type=\"widget\" data-settings=\"{&quot;classic_columns&quot;:&quot;1&quot;,&quot;classic_columns_tablet&quot;:&quot;2&quot;,&quot;classic_columns_mobile&quot;:&quot;1&quot;,&quot;classic_row_gap&quot;:{&quot;unit&quot;:&quot;px&quot;,&quot;size&quot;:35,&quot;sizes&quot;:[]},&quot;classic_row_gap_tablet&quot;:{&quot;unit&quot;:&quot;px&quot;,&quot;size&quot;:&quot;&quot;,&quot;sizes&quot;:[]},&quot;classic_row_gap_mobile&quot;:{&quot;unit&quot;:&quot;px&quot;,&quot;size&quot;:&quot;&quot;,&quot;sizes&quot;:[]}}\" data-widget_type=\"posts.classic\">\n\t\t\t\t<div class=\"elementor-widget-container\">\n\t\t\t\t\t<div class=\"elementor-posts-container elementor-posts elementor-posts--skin-classic elementor-grid\">\n\t\t\t\t<article class=\"elementor-post elementor-grid-item post-240 post type-post status-publish format-standard has-post-thumbnail hentry category-tarihi-cami category-genel tag-1-bayezid tag-45 tag-1396-1400 tag-46 tag-192-adet-levha tag-ahsap-oyma tag-ali-neccar tag-bayezid tag-bursa tag-bursa-ulu-cami tag-cami tag-cami-icinde-sadirvan tag-haci-ivaz tag-osmanli tag-osmanli-ahsap-oymasi tag-sanat-eseri tag-selcuklu-oyma-sanati tag-ulu tag-ulu-cami post-preview\">\n\t\t\t\t<a class=\"elementor-post__thumbnail__link\" href=\"https:\/\/www.yasinyazicioglu.com.tr\/index.php\/2023\/07\/06\/ulu-cami-bursa\/\" >\n\t\t\t<div class=\"elementor-post__thumbnail\"><img loading=\"lazy\" decoding=\"async\" width=\"300\" height=\"225\" src=\"https:\/\/www.yasinyazicioglu.com.tr\/wp-content\/uploads\/2023\/07\/ulu-cami_3-300x225.jpg\" class=\"attachment-medium size-medium wp-image-243\" alt=\"\" srcset=\"https:\/\/www.yasinyazicioglu.com.tr\/wp-content\/uploads\/2023\/07\/ulu-cami_3-300x225.jpg 300w, https:\/\/www.yasinyazicioglu.com.tr\/wp-content\/uploads\/2023\/07\/ulu-cami_3-768x576.jpg 768w, https:\/\/www.yasinyazicioglu.com.tr\/wp-content\/uploads\/2023\/07\/ulu-cami_3-676x507.jpg 676w, https:\/\/www.yasinyazicioglu.com.tr\/wp-content\/uploads\/2023\/07\/ulu-cami_3.jpg 1024w\" sizes=\"auto, (max-width: 300px) 100vw, 300px\" \/><\/div>\n\t\t<\/a>\n\t\t\t\t<div class=\"elementor-post__text\">\n\t\t\t\t<h4 class=\"elementor-post__title\">\n\t\t\t<a href=\"https:\/\/www.yasinyazicioglu.com.tr\/index.php\/2023\/07\/06\/ulu-cami-bursa\/\" >\n\t\t\t\tUlu Cami \/ BURSA\t\t\t<\/a>\n\t\t<\/h4>\n\t\t\t\t<div class=\"elementor-post__meta-data\">\n\t\t\t\t\t<span class=\"elementor-post-date\">\n\t\t\t6 Temmuz 2023\t\t<\/span>\n\t\t\t\t<span class=\"elementor-post-avatar\">\n\t\t\tYorum yap\u0131lmam\u0131\u015f\t\t<\/span>\n\t\t\t\t<\/div>\n\t\t\t\t<div class=\"elementor-post__excerpt\">\n\t\t\t<p>Bursa Ulu Cami, Bursa\u2019da&nbsp;I. Bayezid&nbsp;taraf\u0131ndan 1396-1400 y\u0131llar\u0131 aras\u0131nda yapt\u0131r\u0131lm\u0131\u015f&nbsp;ulu camidir. Bursa\u2019n\u0131n tarihi sembollerinden olan cami,&nbsp;Bursa&nbsp;kent merkezinde, Atat\u00fcrk Caddesi \u00fczerindedir. \u00c7ok ayakl\u0131 cami \u015femas\u0131n\u0131n en klasik ve an\u0131tsal \u00f6rne\u011fi say\u0131l\u0131r. Yirmi kubbeli yap\u0131, T\u00fcrkiye\u2019deki i\u00e7 cemaat yeri en geni\u015f camidir. Mimar\u0131n Ali Neccar veya&nbsp;Hac\u0131 \u0130vaz&nbsp;oldu\u011fu san\u0131lmaktad\u0131r. Caminin k\u00fcndekari tekni\u011fi ile yap\u0131lm\u0131\u015f minberi&nbsp;Sel\u00e7uklu&nbsp;oyma sanat\u0131ndan&nbsp;Osmanl\u0131&nbsp;ah\u015fap oymac\u0131l\u0131\u011f\u0131 sanat\u0131na ge\u00e7i\u015fin en \u00f6nemli \u00f6rneklerinden biri kabul edilen de\u011ferli bir sanat eseridir. Caminin duvarlar\u0131nda bulunan 19. y\u00fczy\u0131l\u0131n ikinci yar\u0131s\u0131nda ve 20. y\u00fczy\u0131l\u0131n ba\u015flar\u0131nda farkl\u0131 hattatlar taraf\u0131ndan yaz\u0131lm\u0131\u015f 192 adet hat levhas\u0131 ve duvar yaz\u0131s\u0131, hat sanat\u0131n\u0131n \u00f6zg\u00fcn \u00f6rnekleri aras\u0131nda g\u00f6sterilir. Caminin i\u00e7 mekan\u0131nda, tepesi a\u00e7\u0131k bir kubbenin<\/p>\n\t\t<\/div>\n\t\t\n\t\t<a class=\"elementor-post__read-more\" href=\"https:\/\/www.yasinyazicioglu.com.tr\/index.php\/2023\/07\/06\/ulu-cami-bursa\/\" aria-label=\"Read more about Ulu Cami \/ BURSA\" >\n\t\t\tDaha Fazla \u00bb\t\t<\/a>\n\n\t\t\t\t<\/div>\n\t\t\t\t<\/article>\n\t\t\t\t<article class=\"elementor-post elementor-grid-item post-107 post type-post status-publish format-standard has-post-thumbnail hentry category-doga category-genel tag-acarlar tag-acarlar-longozu tag-ahsap-ev tag-ahsap-evler tag-bungalov tag-dere tag-dere-kenarinda-ev tag-karasu tag-longoz tag-longozu tag-ormantik tag-ormantik-park tag-park tag-sakarya post-preview\">\n\t\t\t\t<a class=\"elementor-post__thumbnail__link\" href=\"https:\/\/www.yasinyazicioglu.com.tr\/index.php\/2023\/07\/01\/acarlar-longozu-karasu\/\" >\n\t\t\t<div class=\"elementor-post__thumbnail\"><img loading=\"lazy\" decoding=\"async\" width=\"300\" height=\"138\" src=\"https:\/\/www.yasinyazicioglu.com.tr\/wp-content\/uploads\/2023\/07\/IMG_20210722_193729-300x138.jpg\" class=\"attachment-medium size-medium wp-image-109\" alt=\"\" srcset=\"https:\/\/www.yasinyazicioglu.com.tr\/wp-content\/uploads\/2023\/07\/IMG_20210722_193729-300x138.jpg 300w, https:\/\/www.yasinyazicioglu.com.tr\/wp-content\/uploads\/2023\/07\/IMG_20210722_193729-1024x473.jpg 1024w, https:\/\/www.yasinyazicioglu.com.tr\/wp-content\/uploads\/2023\/07\/IMG_20210722_193729-768x354.jpg 768w, https:\/\/www.yasinyazicioglu.com.tr\/wp-content\/uploads\/2023\/07\/IMG_20210722_193729-1536x709.jpg 1536w, https:\/\/www.yasinyazicioglu.com.tr\/wp-content\/uploads\/2023\/07\/IMG_20210722_193729-2048x945.jpg 2048w, https:\/\/www.yasinyazicioglu.com.tr\/wp-content\/uploads\/2023\/07\/IMG_20210722_193729-676x312.jpg 676w\" sizes=\"auto, (max-width: 300px) 100vw, 300px\" \/><\/div>\n\t\t<\/a>\n\t\t\t\t<div class=\"elementor-post__text\">\n\t\t\t\t<h4 class=\"elementor-post__title\">\n\t\t\t<a href=\"https:\/\/www.yasinyazicioglu.com.tr\/index.php\/2023\/07\/01\/acarlar-longozu-karasu\/\" >\n\t\t\t\tAcarlar Longozu \/ KARASU\t\t\t<\/a>\n\t\t<\/h4>\n\t\t\t\t<div class=\"elementor-post__meta-data\">\n\t\t\t\t\t<span class=\"elementor-post-date\">\n\t\t\t1 Temmuz 2023\t\t<\/span>\n\t\t\t\t<span class=\"elementor-post-avatar\">\n\t\t\tYorum yap\u0131lmam\u0131\u015f\t\t<\/span>\n\t\t\t\t<\/div>\n\t\t\t\t<div class=\"elementor-post__excerpt\">\n\t\t\t<p>Eskiden Acarlar Longozu ismini duydu\u011fumda hep gitmek istemi\u015fimdir fakat zamanla unuttu\u011fum bir yer olarak kald\u0131. Daha sonra gitmeye karar verdim ve yola \u00e7\u0131kt\u0131m Acarlar Longozu&#8217;na ula\u015ft\u0131\u011f\u0131mda durum hislerimden \u00e7ok farkl\u0131yd\u0131 beklentilerimi kar\u015f\u0131lamad\u0131. Bir derenin kenar\u0131nda ah\u015fap korkuluklu yine ah\u015fap y\u00fcr\u00fcme yolu mesafe ortalama 200 metre civar\u0131nda derenin kenar\u0131nda y\u00fcr\u00fcyorsunuz giri\u015fte de iki tane hediyelik e\u015fya d\u00fckkan\u0131. Fakat daha sonra de\u011fi\u015fti\u011fini duydum ve tekrar gittim. Bu kez gayet iyi y\u00f6nde bir de\u011fi\u015fim olmu\u015f. Ormantik Park ad\u0131nda do\u011fa manzaral\u0131 bir cafe, yemek yiyip bir \u015feyler i\u00e7ebilece\u011finiz mekan, gezebilece\u011finiz alanlar ve bungalov evler (yani ah\u015fap evler), konaklama i\u015fini de \u00e7\u00f6zm\u00fc\u015fler. Ortam daha huzur<\/p>\n\t\t<\/div>\n\t\t\n\t\t<a class=\"elementor-post__read-more\" href=\"https:\/\/www.yasinyazicioglu.com.tr\/index.php\/2023\/07\/01\/acarlar-longozu-karasu\/\" aria-label=\"Read more about Acarlar Longozu \/ KARASU\" >\n\t\t\tDaha Fazla \u00bb\t\t<\/a>\n\n\t\t\t\t<\/div>\n\t\t\t\t<\/article>\n\t\t\t\t<article class=\"elementor-post elementor-grid-item post-105 post type-post status-publish format-standard has-post-thumbnail hentry category-genel category-tarihi-yerler tag-ari-burnu tag-canakkale tag-canakkale-aniti tag-canakkale-gexisi tag-canakkale-sehitlik tag-canakkale-turu tag-conk-bayiri tag-desem-sigmazsin tag-gomelim-gel-seni-tarihe tag-iki-universiteli-genc tag-kazim-karabekir-pasa tag-makberi-kimler-kazsin tag-nusret-mayin-gemisi tag-sana-dar-gelmeyecek tag-sehit-sayisi-kadar-tas post-preview\">\n\t\t\t\t<a class=\"elementor-post__thumbnail__link\" href=\"https:\/\/www.yasinyazicioglu.com.tr\/index.php\/2023\/07\/01\/canakkale-turu\/\" >\n\t\t\t<div class=\"elementor-post__thumbnail\"><img loading=\"lazy\" decoding=\"async\" width=\"300\" height=\"225\" src=\"https:\/\/www.yasinyazicioglu.com.tr\/wp-content\/uploads\/2023\/07\/DSC01471-300x225.jpg\" class=\"attachment-medium size-medium wp-image-90\" alt=\"\" srcset=\"https:\/\/www.yasinyazicioglu.com.tr\/wp-content\/uploads\/2023\/07\/DSC01471-300x225.jpg 300w, https:\/\/www.yasinyazicioglu.com.tr\/wp-content\/uploads\/2023\/07\/DSC01471-1024x768.jpg 1024w, https:\/\/www.yasinyazicioglu.com.tr\/wp-content\/uploads\/2023\/07\/DSC01471-768x576.jpg 768w, https:\/\/www.yasinyazicioglu.com.tr\/wp-content\/uploads\/2023\/07\/DSC01471-1536x1152.jpg 1536w, https:\/\/www.yasinyazicioglu.com.tr\/wp-content\/uploads\/2023\/07\/DSC01471-676x507.jpg 676w, https:\/\/www.yasinyazicioglu.com.tr\/wp-content\/uploads\/2023\/07\/DSC01471.jpg 2048w\" sizes=\"auto, (max-width: 300px) 100vw, 300px\" \/><\/div>\n\t\t<\/a>\n\t\t\t\t<div class=\"elementor-post__text\">\n\t\t\t\t<h4 class=\"elementor-post__title\">\n\t\t\t<a href=\"https:\/\/www.yasinyazicioglu.com.tr\/index.php\/2023\/07\/01\/canakkale-turu\/\" >\n\t\t\t\t\u00c7anakkale Turu\t\t\t<\/a>\n\t\t<\/h4>\n\t\t\t\t<div class=\"elementor-post__meta-data\">\n\t\t\t\t\t<span class=\"elementor-post-date\">\n\t\t\t1 Temmuz 2023\t\t<\/span>\n\t\t\t\t<span class=\"elementor-post-avatar\">\n\t\t\tYorum yap\u0131lmam\u0131\u015f\t\t<\/span>\n\t\t\t\t<\/div>\n\t\t\t\t<div class=\"elementor-post__excerpt\">\n\t\t\t<p>Asl\u0131na bakarsan\u0131z bu bir gezi say\u0131lmaz, buram buram tarih kokan bu seyahatimizde eskileri yad edip h\u00fcz\u00fcnlendik, g\u00fcld\u00fck, a\u011flad\u0131k, g\u00f6zlerimizde canland\u0131rd\u0131k yutkunamad\u0131k, nefes alamad\u0131k ya da g\u00f6\u011fs\u00fcm\u00fcz kabard\u0131. Tarihten bir ka\u00e7 defter sayfas\u0131yd\u0131 sadece bu. \u00c7anakkale Sava\u015f\u0131n\u0131n ya\u015fand\u0131\u011f\u0131 b\u00f6lgeler, \u015fehitlikler, an\u0131tlar bizi 19 \u015eubat 1915 y\u0131l\u0131na g\u00f6t\u00fcr\u00fcp getiriyordu. Tabi biz gezmeye devam ettik, ettik\u00e7e de yeni hikayeler dinledik. \u015eimdi biraz \u00fcst\u00fcn k\u00f6r\u00fc olsa da akl\u0131mda kalan \u00fc\u00e7-be\u015f an\u0131y\u0131 payla\u015fay\u0131m. \u00c7anakkale bo\u011faz\u0131ndan birka\u00e7 resimle devam edelim turumuza. Yukar\u0131daki g\u00f6rselde \u00c7anakkale Sava\u015f\u0131nda \u00f6len anzak askerlerinin bir an\u0131t\u0131 var \u00fczerinde &#8220;ADLARI SONSUZA KADAR YA\u015eAYACAK&#8221; yaz\u0131yor. \u0130nsan tarihi bilince bir \u015fey diyemiyor. Sonu\u00e7ta bir \u00e7o\u011fu<\/p>\n\t\t<\/div>\n\t\t\n\t\t<a class=\"elementor-post__read-more\" href=\"https:\/\/www.yasinyazicioglu.com.tr\/index.php\/2023\/07\/01\/canakkale-turu\/\" aria-label=\"Read more about \u00c7anakkale Turu\" >\n\t\t\tDaha Fazla \u00bb\t\t<\/a>\n\n\t\t\t\t<\/div>\n\t\t\t\t<\/article>\n\t\t\t\t<\/div>\n\t\t\n\t\t\t\t<\/div>\n\t\t\t\t<\/div>\n\t\t\t\t\t\t<\/div>\n\t\t\t\t\t<\/div>\n\t\t<\/div>\n\t\t\t\t\t\t\t\t<\/div>\n\t\t\t\t\t<\/div>\n\t\t<\/section>\n\t\t\t\t\t\t\t\t\t<\/div>\n\t\t\t<\/div>\n\t\t\t\t\t<\/div>\n\t\t","protected":false},"excerpt":{"rendered":"","protected":false},"author":1,"featured_media":0,"parent":0,"menu_order":0,"comment_status":"closed","ping_status":"closed","template":"","meta":{"footnotes":""},"class_list":["post-152","page","type-page","status-publish","hentry","post-preview"],"_links":{"self":[{"href":"https:\/\/www.yasinyazicioglu.com.tr\/index.php\/wp-json\/wp\/v2\/pages\/152","targetHints":{"allow":["GET"]}}],"collection":[{"href":"https:\/\/www.yasinyazicioglu.com.tr\/index.php\/wp-json\/wp\/v2\/pages"}],"about":[{"href":"https:\/\/www.yasinyazicioglu.com.tr\/index.php\/wp-json\/wp\/v2\/types\/page"}],"author":[{"embeddable":true,"href":"https:\/\/www.yasinyazicioglu.com.tr\/index.php\/wp-json\/wp\/v2\/users\/1"}],"replies":[{"embeddable":true,"href":"https:\/\/www.yasinyazicioglu.com.tr\/index.php\/wp-json\/wp\/v2\/comments?post=152"}],"version-history":[{"count":53,"href":"https:\/\/www.yasinyazicioglu.com.tr\/index.php\/wp-json\/wp\/v2\/pages\/152\/revisions"}],"predecessor-version":[{"id":209,"href":"https:\/\/www.yasinyazicioglu.com.tr\/index.php\/wp-json\/wp\/v2\/pages\/152\/revisions\/209"}],"wp:attachment":[{"href":"https:\/\/www.yasinyazicioglu.com.tr\/index.php\/wp-json\/wp\/v2\/media?parent=152"}],"curies":[{"name":"wp","href":"https:\/\/api.w.org\/{rel}","templated":true}]}}